is the tens digit of u?
8
Let j = 12920 - 4799. What is the tens digit of j?
2
Let w = 777 - 772. Suppose 0 = -9*z + w*z - 4*j + 3236, 0 = j + 1. What is the hundreds digit of z?
8
Suppose -4*l - 661 = -5*p - 63034, 3*p + 15588 = l. What is the tens digit of l?
9
Suppose o = 4*n - 11, 2*o = 4*n - 0*o - 10. Suppose -z = -n*z - 3*f + 653, 1303 = 4*z + 5*f. What is the tens digit of z?
2
Let t(f) = 371*f**2 + f - 2. Suppose 75*b - 74*b = 1. What is the tens digit of t(b)?
7
Let i be 60/45 + 18214/6. Suppose 4*o - 2190 = 3*v, 4*o - 2*v + 845 = i. What is the tens digit of o?
4
Suppose 0 = -12*v + 7*v + 10. Suppose 1100 = s - k, -5*s = v*k + 2*k - 5545. What is the units digit of s?
5
Let i be 2 - (-1 - (3 - 1)). Suppose -i*b = -499 - 131. What is the hundreds digit of b?
1
Let c(o) = 985*o - 1086. What is the hundreds digit of c(14)?
7
Let c = -11 + 16. Suppose -4*b - 8 = -c*b. Let w(a) = a**3 - 8*a**2 + 3*a. What is the units digit of w(b)?
4
Suppose -102717 = 13*a - 18*a + r, 2*a + 2*r - 41094 = 0. What is the hundreds digit of a?
5
Let b(h) = h**3 - 24*h**2 + 31*h - 38. Let u be b(23). Let k = u + -413. Let a = k - -421. What is the hundreds digit of a?
1
Suppose 20 - 2 = 3*m. Suppose -5 = -m*b - 5. Suppose -2*k - 5*a + 75 = -b*a, 0 = -3*k + 3*a + 165. What is the tens digit of k?
5
Suppose -21*n = 42*n - 312154 - 896564. What is the thousands digit of n?
9
Let p be 12/9*-3 + 22. What is the units digit of -17*(4 - 7)/6*p?
3
Suppose -15*u - 182 = -2*u. Let z(b) be the second derivative of -b**5/20 - 11*b**4/12 + 19*b**3/3 - 7*b**2/2 - 10*b. What is the units digit of z(u)?
9
Suppose 6*s - 33 = -21*s + 21. Suppose 5*l = -5*b + 140, l + 6 - 33 = -2*b. Suppose -3*n + 7*n - 53 = -3*x, -l = -s*n + x. What is the tens digit of n?
1
Let v(f) = 21*f - 58. Let c be v(3). Suppose -5*x + 5*m + 1350 = -0*x, 4*x + c*m - 1053 = 0. What is the hundreds digit of x?
2
Let b(z) = -z**2 + 4*z - 4. Let v(q) = -q**2 + 2*q + 2. Let i be v(2). Let w be b(i). What is the units digit of 3 + 18 - w/(1 - 0)?
1
Let q(h) = h**3 - 11*h**2 - 42*h + 3. Let g be q(14). Suppose g*l - 455 = -m - 5, 4*m - 592 = -4*l. What is the hundreds digit of l?
1
Suppose 227*m = 228*m - 4*z - 7277, -5*z = -m + 7273. What is the thousands digit of m?
7
Suppose -12*a + 8*a = -4*t + 2296, -570 = -t + 2*a. Suppose -2*c + 5*j + 1207 = 0, -3*c + 2408 - t = -j. What is the units digit of c?
1
Let r = -105 + 109. What is the tens digit of (-10 + 8)*(-546)/r?
7
Suppose -4*o - 3*i = -5*i - 182750, 91377 = 2*o - 3*i. What is the units digit of o?
7
Suppose f + 760 = 2106. What is the tens digit of (-96)/(-240) + f/10?
3
What is the hundreds digit of 7 - ((-2520350)/5)/19?
5
Suppose v + 14 = -6*v. Let k(d) = -44*d**3 - 5*d**2 - 6*d + 1. What is the hundreds digit of k(v)?
3
Let q(c) = 113*c**2 - 31*c - 5. What is the ten thousands digit of q(12)?
1
Let n = 1297 - 2719. What is the hundreds digit of (2 - n - 5) + 8?
4
Let z(b) = b**2 - 73*b - 15. Let j(m) = 2*m**2 - 148*m - 30. Let d(n) = 2*j(n) - 5*z(n). What is the units digit of d(28)?
3
Let x = -8612 + 14786. What is the thousands digit of x?
6
Suppose 2*p - 28 = 5*f - 2, f = 3*p - 13. Suppose 0 = -i + p, -5*o + 5*i = 6*i - 2013. What is the hundreds digit of o?
4
Suppose 0 = 10*w - 1048 + 928. Let u(v) = 3*v**2 + v - 1. Let d be u(-2). Suppose -5*z + d*z = w. What is the units digit of z?
3
Let y(x) = 161*x**2 + 69*x + 10. What is the hundreds digit of y(11)?
2
Suppose -3*k + 0*k - 552 = 0. Let r = k - -334. Suppose 5*m - r - 335 = 0. What is the units digit of m?
7
Let a(l) = 14*l - 10*l - 11 + 18*l - 69. What is the units digit of a(12)?
4
Suppose 80255 = 5*m + 5*y, -4*y - 15124 = -m + 922. What is the tens digit of m?
5
Suppose 4*v + 31 = 5*s, 4*s - 27 - 3 = -2*v. Suppose 16*q - 2214 = s*q. What is the units digit of q?
6
Suppose -3*w = -94 - 44. Let r = -35 + w. Let q(l) = -l**3 + 13*l**2 - 15*l - 11. What is the tens digit of q(r)?
6
Let n = 12470 - 6590. Suppose -63*x = -43*x - n. What is the units digit of x?
4
Suppose -x + 1 = z - 7, 2*x - 8 = 2*z. Suppose 0 = -4*n + 18 - x. Suppose -n*q + 9*q - 570 = 0. What is the units digit of q?
5
Suppose 101*i - 106*i + 56773 = -2*d, 2*d = -4*i + 45422. What is the units digit of i?
5
Suppose 4*i - 71720 + 26026 = -2*s, -4*s = 20. Suppose 0 = 30*j - i - 32284. What is the hundreds digit of j?
4
Suppose 3*x + v = 2*x + 9, 5*v - 41 = -4*x. Suppose 0 = 4*a + 4, a + x*a = k - 10. Suppose -3*h - 4*m = -87, h - k = -4*m + 24. What is the tens digit of h?
2
Let n = 154 - -459. Let j = 1333 - n. Suppose -j = -6*o + 150. What is the tens digit of o?
4
Suppose -2*z - 8*u = -5*u - 718, 1442 = 4*z + 3*u. Suppose z = -139*k + 140*k. What is the tens digit of k?
6
Let x be 16/(-72) - (-136416)/54. Suppose -5*i + 4*w + x = -2646, -1035 = -i + w. What is the units digit of i?
2
Let y be (75 - 3)/((-3)/(-2)). Let p be (-1)/(129/(-33)*-1 + -4). Let t = y + p. What is the tens digit of t?
5
Suppose -3*u - 31*g + 45394 = -35*g, -2*u = -4*g - 30264. What is the hundreds digit of u?
1
Let h(f) = -2590*f - 374. What is the tens digit of h(-3)?
9
Suppose -195320 = -64*w - 12*w. What is the units digit of w?
0
Let n = 14 - 10. Suppose -c + 2*c = n. Suppose -b = c*b - 20, x - 113 = -5*b. What is the units digit of x?
3
Let m = 21398 - 13352. What is the units digit of m?
6
Suppose 12598 = 3*o + 2*f, -11535 = -4*o + f + 5255. What is the tens digit of o?
9
Let y(a) = 38*a + 3. Let i be y(-5). Let c(t) = -t**3 - 20*t**2 - 52*t - 25. Let w be c(-17). What is the tens digit of w/(-24)*(2 - i)?
6
Let w(g) = -3*g - g**2 - 2*g**3 + 9 + 6*g + 8*g + 3*g. Let n = -51 - -47. What is the units digit of w(n)?
5
Let c = 230 + -230. Suppose c = -13*o + 2*o + 1452. What is the units digit of o?
2
Suppose -35*y + 974209 = 132459. What is the thousands digit of y?
4
Let f = 13211 + 6823. What is the units digit of f?
4
Suppose -d - 44*v + 5378 = -47*v, d = -v + 5358. What is the units digit of d?
3
What is the tens digit of (7032/16)/(120/4160)?
3
Let x = -42 - -68. Suppose x = 5*c + 2*p, 5*p - 46 = -4*c - 15. Suppose 5*s - 572 = -4*w + w, c*w = s + 801. What is the hundreds digit of w?
1
Let c = 3487 + 14950. What is the tens digit of c?
3
Let a(z) = z**3 - 19*z**2 + 44*z - 137. What is the thousands digit of a(21)?
1
Let h(j) = -j**2 - 35*j + 31. Let z be h(-13). What is the tens digit of (-49)/(-7) + -4 + z?
2
Let d be (6/(-4) - 2)*26. Let x = d - -26. Let z = -35 - x. What is the tens digit of z?
3
Let m(c) = c**3 - 53941 + 45*c + 53905 + 7*c**2 + 29*c**2. What is the units digit of m(-34)?
6
Let p(j) be the second derivative of -25*j**3/2 + 12*j**2 + 7*j + 1. What is the tens digit of p(-4)?
2
Let x be (4/(-2))/((-8)/(-4)). Let m be ((-28)/8 - x)*-2. Suppose m*a - 22 = 198. What is the units digit of a?
4
Let l(a) = 214*a**2 + 37*a - 38. Let h be l(1). Suppose -4*w - 3*d + 1452 = 0, 2 + 14 = 4*d. Suppose -3*b = -h - w. What is the hundreds digit of b?
1
Suppose 3*t = -3*h + 3918, 5*h - 7378 + 847 = -4*t. Let f = h - 871. Suppose -6*x + 2*x = -f. What is the tens digit of x?
0
Suppose -5*t + 16*t = 253. Let w(f) = 25 - t*f - 11*f + 28*f. What is the hundreds digit of w(-13)?
1
Let s(q) = 2*q**2 + 16. Let g(l) = -l**2 + 17*l - 16. Let f be g(16). Suppose -m + 5*m - 3*x = 38, -2*m + x + 18 = f. What is the units digit of s(m)?
4
Suppose -4*z - f = -19, z + 4*f + 19 = 4*z. Suppose -w + 1589 = 4*d, -d - 2*d - z*w + 1196 = 0. What is the tens digit of d?
9
Suppose -5*i + 30 = -15*i. Let z(p) = -3*p + 3. Let h be z(2). What is the units digit of (i/h)/(9/477)?
3
Suppose -a + 2 = 2*s, -3*a + 11 = 5. What is the units digit of 373 - -1*(s - -5)?
8
Let y = 34 + -24. Let c be (-44)/6*(-105)/y. Suppose 0 = n + 10 - c. What is the units digit of n?
7
Suppose 2*z + 12 = 0, -2*p + 3776 - 146 = -2*z. What is the tens digit of p?
0
Suppose 127*i = -1344003 + 1938396 + 3285203. What is the hundreds digit of i?
5
Suppose 3739861 = 457*z - 25*z - 7175915. What is the units digit of z?
8
Let n(y) = -y**3 - 14*y**2 + 13*y + 22. Let u(i) = -i**2 + 14*i + 31. Let s be u(16). Let q = s + -14. What is the tens digit of n(q)?
5
Let n(h) = 7*h. Let o be n(1). Suppose -7916 + 21412 = 7*t. Suppose o*s + 647 = t. What is the units digit of s?
3
Let q(f) = 169*f**2 -